{"id":2,"date":"2023-07-05T16:36:54","date_gmt":"2023-07-05T16:36:54","guid":{"rendered":"https:\/\/agent-virtual.com\/?page_id=2"},"modified":"2025-05-21T00:22:11","modified_gmt":"2025-05-21T00:22:11","slug":"soluciones-empresariales-workagil","status":"publish","type":"page","link":"https:\/\/agent-virtual.com\/index.php\/soluciones-empresariales-workagil\/","title":{"rendered":"AGENT VIRTUAL CHATBOT AI"},"content":{"rendered":"\n<p>\u00a1Presentamos nuestro revolucionario Agente Virtual Chatbot AI! Dise\u00f1ado para brindar un servicio excepcional y una experiencia de atenci\u00f3n al cliente personalizada, nuestro chatbot alimentado por inteligencia artificial est\u00e1 aqu\u00ed para facilitar la interacci\u00f3n con tus clientes.<\/p>\n\n\n\n<p><strong>SOLUCIONES EMPRESARIALES WORKAGIL<\/strong><\/p>\n\n\n\n<div class=\"wp-block-buttons is-layout-flex wp-block-buttons-is-layout-flex\">\n<div class=\"wp-block-button\"><a class=\"wp-block-button__link wp-element-button\" href=\"https:\/\/app.agent-virtual.com\/en\/login\">Ingresar<\/a><\/div>\n<\/div>\n\n\n\n<p><\/p>\n","protected":false},"excerpt":{"rendered":"<p>\u00a1Presentamos nuestro revolucionario Agente Virtual Chatbot AI! Dise\u00f1ado para brindar un servicio excepcional y una experiencia de atenci\u00f3n al cliente personalizada, nuestro chatbot alimentado por inteligencia artificial est\u00e1 aqu\u00ed para facilitar la interacci\u00f3n con tus clientes. SOLUCIONES EMPRESARIALES WORKAGIL<\/p>\n","protected":false},"author":1,"featured_media":0,"parent":0,"menu_order":0,"comment_status":"closed","ping_status":"closed","template":"","meta":{"footnotes":""},"class_list":["post-2","page","type-page","status-publish","hentry"],"_links":{"self":[{"href":"https:\/\/agent-virtual.com\/index.php\/wp-json\/wp\/v2\/pages\/2"}],"collection":[{"href":"https:\/\/agent-virtual.com\/index.php\/wp-json\/wp\/v2\/pages"}],"about":[{"href":"https:\/\/agent-virtual.com\/index.php\/wp-json\/wp\/v2\/types\/page"}],"author":[{"embeddable":true,"href":"https:\/\/agent-virtual.com\/index.php\/wp-json\/wp\/v2\/users\/1"}],"replies":[{"embeddable":true,"href":"https:\/\/agent-virtual.com\/index.php\/wp-json\/wp\/v2\/comments?post=2"}],"version-history":[{"count":3,"href":"https:\/\/agent-virtual.com\/index.php\/wp-json\/wp\/v2\/pages\/2\/revisions"}],"predecessor-version":[{"id":19,"href":"https:\/\/agent-virtual.com\/index.php\/wp-json\/wp\/v2\/pages\/2\/revisions\/19"}],"wp:attachment":[{"href":"https:\/\/agent-virtual.com\/index.php\/wp-json\/wp\/v2\/media?parent=2"}],"curies":[{"name":"wp","href":"https:\/\/api.w.org\/{rel}","templated":true}]}}